 + 7/2*z**2 + 0. Calculate n(-5).
-13
Let f(v) = -5*v**2 + 11*v + 25. Let n(p) = -p**2 + 3*p + 6. Let l(x) = 2*f(x) - 9*n(x). Let g(c) = -c - 1. Let j(u) = -6*g(u) + l(u). What is j(-2)?
-4
Let k(b) = -6*b**2 + 2 + 5 - 2 - 4 + b. Let l(c) = -c**2 - 5*c + 9. Let w be l(-8). Let j = -16 - w. What is k(j)?
-6
Suppose y - 2*q = 11, 2*q - 2 = -2*y + q. Suppose 6 = -n + y*n. Let k(l) = l - 4 + l**3 + n*l**2 + 4 + 4 + 2*l. Determine k(-3).
-5
Let a(m) = -m**2 + 9*m + 11. Suppose 3*g = -y - 3*y + 52, -g + 34 = 3*y. Determine a(y).
1
Let w(p) = -5*p**2 + 23*p + 1. Let r(s) = 6*s**2 - 27*s - 3. Let y(f) = -3*r(f) - 4*w(f). What is y(5)?
0
Let c(y) = -y**2 - 4*y - 3. Let u(s) = -2*s**2 - 10*s - 7. Let p(i) = -5*c(i) + 2*u(i). Let g(j) = -j + 10. Let m be g(8). Calculate p(m).
5
Let m(j) be the second derivative of -j**4/3 + j**2 - 55*j. Suppose -r - 26 = 5*h, 2*r - 3 = -2*h - 7. Let k = -4 - h. Give m(k).
-14
Let b = 720 - 725. Let p(k) = -k**2 + k + 17. Give p(b).
-13
Let z(h) = -4*h**2 - h. Let v be 6*(-4)/(-8)*1 + -7. Let i be (-1)/v - (4 + (-38)/8). Determine z(i).
-5
Let y = -2 - 0. Let u be (22/(-44))/(1/(-120)). Let w(h) = -2*h**3 + 59 + 4*h**3 - 3*h - u. Determine w(y).
-11
Let j(t) = -2*t**3 - 12*t**2 - t - 35. Let z(o) = -4*o**3 - 22*o**2 - 2*o - 64. Let p(v) = 11*j(v) - 6*z(v). Let y = 0 - -1. Determine p(y).
2
Let i(t) = t**3 - 6*t**2 - t + 8. Let d(m) = -m**3 + 5*m**2 + 6*m + 6. Let o be d(6). Let l be i(o). Let j(p) = -p + 2. What is j(l)?
0
Let d(t) be the third derivative of 1/120*t**6 - 1/8*t**4 - 1/20*t**5 - 5/6*t**3 + 9*t**2 + 0 + 0*t. What is d(4)?
-1
Let a(z) = z**3 - 5*z**2 - z - 2. Let v be ((-52)/91)/((-1)/14). Suppose 0 = -4*p + v, 0*p - 5*p = 5*n - 35. What is a(n)?
-7
Suppose 0 = -3*x - 18 + 42. Let g(n) = -n**2 - 9 + x - n**3 - 83*n + 85*n. What is g(3)?
-31
Let o(s) be the second derivative of -s**4/12 + 4*s**3/3 - 5*s**2/2 - s. Let w be ((-13)/26)/((-4)/40). What is o(w)?
10
Let m = -2812 + 2806. Let u(p) = -p - 3. Calculate u(m).
3
Let j be (18/(-21))/((-2)/14). Suppose -4 = -j*c + 8. Let r(n) = n + 3 - c*n + 4 - 1. Determine r(6).
0
Let o(n) be the second derivative of n**5/20 + n**4/3 + n**3/3 + 2*n**2 - 12*n + 6. Give o(-3).
7
Suppose -6*t = -12 - 0. Let w(p) = 3*p**2 + 9*p. Let v(q) = -10*q**2 - 28*q. Let i(j) = t*v(j) + 7*w(j). Give i(-6).
-6
Let x(o) = -o**3 + o**2 - o + 2. Suppose -22*t + 25 = -17*t. Let p = t - 3. Give x(p).
-4
Let u(y) = 5*y. Let s = -2 - -4. Suppose -5*c + 3 - 9 = -a, s*c - 2*a - 4 = 0. Calculate u(c).
-10
Let r(s) be the second derivative of s**3/3 - 2*s - 14. Calculate r(-7).
-14
Let g(h) = -h**2 + 8*h - 6. Suppose 4 - 16 = 6*k. Let n(c) = c**3 + 3*c**2 + c + 4. Let w be n(k). Determine g(w).
6
Let p be (-4 - -4) + (-12)/(-2). Let k be (p/5)/((-9)/15 - -1). Let g(s) = -4*s - 4. Determine g(k).
-16
Suppose l = -6 + 1. Suppose 2*n + 0 = 20. Let c(z) = n - 3 + z - 1. Calculate c(l).
1
Suppose 5*j - s - 27 = 10, -3*j - 2*s = -17. Suppose -2*w + 1 = 3*r + 2, -28 = -4*w + 4*r. Let c(b) = w - 7*b + j*b**2 - b**3 + 4*b**2 + 2 - 4*b**2. Give c(6).
0
Let v(p) = -5*p + 3. Let k be v(4). Let w = -17 - k. Let m(h) = 6 + 2 + 7*h + w - 8*h. What is m(0)?
8
Let x(f) = f - 12. Suppose 4*q - 40 = 26*v - 28*v, -2*q = -3*v + 36. Calculate x(v).
2
Let t(z) be the second derivative of z**4/12 + z**3/6 - 5*z**2 + z. Let s = -62 + 77. Suppose -13*b = -s*b. Give t(b).
-10
Let c(a) = 3*a**3 + a + 2. Let s be c(-2). Let n = s + 20. Let o(q) = 5*q + 4. Calculate o(n).
-16
Let z(b) = -b + 1. Let v(n) = -n**2 - 7*n - 1. Let f be v(-5). Let w(d) = 5*d - 5. Let k(x) = f*z(x) + 2*w(x). Determine k(2).
1
Let x(p) = -p**3 + 3*p**2 + 10*p + 48. Let h be x(6). Let g(v) = 4*v**3 - 2*v + v**2 + 9 + 3*v - 5*v**3. Give g(h).
9
Let v(m) be the third derivative of -11*m**4/24 + m**3/6 + 292*m**2. Suppose -r + 6*r - 2*j + 13 = 0, 2*j - 7 = -r. Give v(r).
12
Let r(m) = -m**3 + 18*m**2 - 13*m - 82. Let h be r(17). Let y(o) = -o**2 - 13*o + 24. What is y(h)?
10
Let j(g) = -g**3 + g**2 - g + 1. Let c(y) = 4*y**3 + 4*y**3 - 4*y + 11*y**2 - 10*y**3 - 4. Let x(k) = c(k) - 3*j(k). Give x(-8).
1
Let p be ((-4)/(-2))/(-8) + (-29)/(-4). Suppose -a - 3*a = p*a. Let z(r) = -r**2 + r + 2. What is z(a)?
2
Let r(k) = k**3 - 11*k**2 - 2*k + 12. Let v be (-24)/((-14)/7) + 1*-1. Determine r(v).
-10
Let i(w) = 4*w**2 - 2*w + 1. Let s = 627 - 626. Determine i(s).
3
Let p(r) = -r**3 - 6*r**2 + 11*r + 8. Suppose 30 - 12 = -6*x. Let f = -2 + -1. Let c be f + 16/12*x. Determine p(c).
-20
Let k be 3 + (6/8 - 399/(-28)). Suppose -9*w = -6*w - k. Let d(n) = 4*n + 1. What is d(w)?
25
Let s(d) = 9*d - 3. Suppose -29*x - 5*n + 27 = -25*x, 4*x + n - 15 = 0. What is s(x)?
24
Let j(r) be the second derivative of r**3/3 + 9*r**2/2 - 21*r + 5. Calculate j(-5).
-1
Let m(s) = 12*s**3 + 1. Suppose 0 = -b + 6*b - 20. Suppose -4*r + 3*d = -7 - b, -3*d - 18 = 3*r. Give m(r).
-11
Let b = -23 - -26. Let d(l) = 6*l**2 + 3*l - 3. Let a(p) = -18*p**2 - 9*p + 9. Let h(w) = b*a(w) + 8*d(w). Calculate h(2).
-27
Suppose 0 = -y - 2*n + 4794, -2*y + n - 1497 = -11060. Let c(z) = -y*z + 1 + 4784*z + 7*z**2. Determine c(1).
8
Suppose 4*m = 5*z - 220, -2*m = -3*z + 48 + 82. Suppose 5*u - 2*n - z = 0, n = -u + 2 - 1. Let w(x) = -u*x + x + 1 - 40*x**2 + 39*x**2 - 8. What is w(-5)?
-7
Let j(l) = 3 + 20*l**2 - 21*l**2 - 10 - 10*l. Let x(y) = -y**3 - 18*y**2 - 14*y + 44. Let z be x(-17). Determine j(z).
14
Suppose -6*d + 3*v + 21 = -2*d, 5*d - 3*v = 27. Let i be (-4)/d*(-66)/44. Let r(f) = -3*f**3 - 2*f**2 + f. Give r(i).
-4
Let g(h) = -h**2 - 2*h - 1. Let o be g(-2). Let m be 0 + 3 - (o - -3). Let s(u) be the third derivative of -u**6/60 + u**4/12 - u**3/6 + u**2. Give s(m).
-1
Suppose -30*a + 236 = -64. Let t(k) be the third derivative of 1/12*k**4 - 1/6*k**3 + 1/60*k**5 + 0 - a*k**2 + 0*k. What is t(2)?
7
Suppose -v - 62 = -4*x, -3*v + 3 = -3. Let h = -26 + x. Let g be (h/(-3))/((-4)/(-6)). Let y(p) = -3*p + 5. Determine y(g).
-10
Let p(b) = -12*b**3 + b. Suppose -5*q = -3*n - 4, q = 7*n - 2*n - 8. Suppose -3*z + n = -z. What is p(z)?
-11
Let b(s) = s - 2. Let v = -1557 + 1553. Determine b(v).
-6
Suppose -45 = 39*l - 279. Let w(t) = -t**3 + 3*t**2 + 21*t - 13. Determine w(l).
5
Suppose -j = a + 2*a - 6, -2*j = -a + 2. Let r(c) = 1 - 1 + 0 + 2 + a*c. Let l(p) = 41*p + 447. Let i be l(-11). Give r(i).
-6
Let n(o) = 11*o + 60. Let k(s) = -s**2 - 31*s - 114. Let b be k(-27). What is n(b)?
-6
Let u(q) = 2*q**2 + 0*q**2 - 3*q**2 + 57 - 9*q - 63. Suppose 5*p + 14 + 26 = 0. What is u(p)?
2
Let g(n) = 2*n**2 + 10*n - 2. Let r(k) = -5*k**2 - 22*k + 6. Let b(a) = 7*g(a) + 3*r(a). What is b(5)?
-1
Let w(i) = 2*i**3 + 4*i**2 + 2*i - 3. Let v(y) = -y**3 - 3*y**2 - 2*y + 2. Let b(a) = 3*v(a) + 2*w(a). Let d(p) = p + 6. Let o be d(-4). Give b(o).
0
Let x(s) be the first derivative of s**4/24 - s**3/3 + s**2 + 11. Let j(f) be the second derivative of x(f). What is j(-3)?
-5
Let x be (-40)/(-6) + 10/30. Let k = 4 - x. Let n(j) = -3*j + 1. Calculate n(k).
10
Let f(d) = 2*d - 2*d + 0 - 4*d + 5*d - 17. Determine f(15).
-2
Let v(s) be the second derivative of -s**4/12 + 2*s**3/3 + 5*s**2 + 26*s. Let t(p) = -p - 1. Let z(g) = -5*t(g) - v(g). What is z(-5)?
15
Let m(h) = -3*h**2 + 46*h - 12. Suppose 973*q - 982*q + 135 = 0. Calculate m(q).
3
Let u = 68 + -45. Let w = -20 + u. Suppose f = w*f + 8. Let s(z) = -z**2 - 5*z - 6. Calculate s(f).
-2
Let v(d) = -5*d. Let q be (6/2)/((-60)/(-80)). Let y be q/1 + 12 + -51. Let n = y - -34. What is v(n)?
5
Let m(x) = x**3 + 196*x - 9 - 388*x - 7*x**2 + 201*x. What is m(6)?
9
Let x(h) = 0 + 31*h - 69*h - 1 + 34*h. Calculate x(4).
-17
Let c(y) = 44*y - 42*y + 3 + 4 + 1. Let g(v) = -3*v - 9. Let k(u) = -4*c(u) - 3*g(u). Determine k(-6).
-11
Let l = 6 - 0. Let d(p) = l - 2*p + 7*p + 4 - 4*p. Give d(0).
10
Let p be (-6)/(36/(-8) - -3). Let n be 5/(15/9) + -1. Let g(a) = -a**2 + n - 2 + 3*a - 2. Give g(p).
-6
Let a(r) = -r**3 - 6*r**2 - 3*r + 1. Let h = 31 + -40. Let q = h + 3. What is a(q)?
19
Let w(z) = -5*z + 5 + 2*z**2 - 20 + 9 - 3*z**2. Let n = -12 - -2. Let x = 6 + n. Give w(x).
-2
Let k(x) be the third derivative of 3 - 5/24*x**4 + 0*x + 2*x**2 - 1/60*x**5 - 1/3*x**3. Give k(-4).
2
Let q(p) = -7*p - 1. Let o be -1*(-2)/4*-12. Let j(m) = -3 + 721*m - 376*m - 365*m. Let x(d) 